+ (21 - (7 - (-1 + 8)))?
13
What is the value of 1 + (-5 - (6 - (7 + 5)))?
2
What is 10 + 5 - (135 - 118)?
-2
Calculate 1 + (10 - 15 - -12) - (0 + -16).
24
Evaluate -23 + -4 + 3 - (33 + -24).
-33
-97 + 101 - ((-1 - 2) + 12) - 17
-22
Calculate 6 - -16 - 15 - (-5 - (5 - -1)).
18
What is the value of -2 - 1 - ((0 - -22) + -25 - 29)?
29
(-15 - -10) + (-4 - -3 - -5) + -4
-5
What is the value of 10 - ((-3 - 15) + -3) - 5?
26
What is the value of (-7 - 0 - (-217 + 197)) + -30?
-17
-21 - (-7 - 6) - (0 + -2) - 1
-7
What is the value of 124 + -119 - (1 - 0) - -11?
15
What is 1 - (0 + 1 - (6 - 4 - 15))?
-13
Calculate -17 + 17 - 18 - (-1 + -3 - 2).
-12
What is (-72 - 2) + 47 + (2 - (-8 + 0))?
-17
What is the value of -1 - (-10 - -23) - -19?
5
Calculate -8 - 38 - -53 - (0 + -22).
29
What is the value of 6 + (44 - 40) + (3 - (2 + -5))?
16
-2 + (0 - -31) + -26 + 16
19
Evaluate 4 - (-34 + 9 - -8).
21
What is the value of (172 - 200) + (-2 - -11)?
-19
Calculate 7 + -8 - (9 + -1 - -8).
-17
What is the value of -4 - (-18 + 1 + (5 - -20))?
-12
What is the value of 1 - -15 - (0 + -25 - -36)?
5
What is 6 + 0 + -1 + (-2 - -10)?
13
Calculate -1 - -1 - ((0 - 5) + 3 - -1).
1
What is the value of 1 + (-10 + 3 + 5 - 1)?
-2
What is 34 + -58 + 32 + 1 + -10 + 2?
1
What is (-4 + 10 - 0) + (1 - 17 - -1)?
-9
What is the value of -60 - -13 - -19 - -8?
-20
Evaluate 4 - (10 - (1 - 9)).
-14
Evaluate 270 + -267 + (-2 + -13 - -2).
-10
What is the value of -9 + -2 + -9 + 23 + -12?
-9
-1 + (5 - 12 - 3) - (-2 - -21)
-30
Calculate (5 - 12) + -13 - -19.
-1
(2 - (-3 - -3)) + (-3 - 7) + 2
-6
What is the value of (-5 + 4 - -2) + -12 + -1?
-12
Evaluate 3 + -18 + (24 - (2 + -2)).
9
5 + -1 + -8 + 3
-1
Evaluate -1 + -27 + (-31 - -41).
-18
What is (9 - 7 - 15) + 6 + 9?
2
Calculate 0 - 6 - (23 - 31) - -11.
13
Evaluate 16 + (-3 - (12 - 10)) - -3.
14
Calculate 0 + 0 + -4 + -291 + 296 + -7.
-6
Calculate -1 - (11 + (7 - 24) + 9).
-4
What is 2 + -11 - 0 - (-46 + 79 - 59)?
17
Evaluate (-87 - -75) + (-3 - (-16 + 2)).
-1
What is the value of (5 - -3 - 2) + -9 + 8?
5
Evaluate (-3 + 52 - (20 + -10 + -9)) + -8.
40
What is the value of 17 - (-8 + 0) - 27?
-2
What is the value of 6 + 2 + -9 - (3 - (6 + -8))?
-6
Calculate (-10 - 2 - (-3 + -3)) + -7.
-13
Evaluate -5 + 7 - 3 - 0.
-1
11 + -3 + 0 + 0
8
Evaluate (-6 - 1) + (-1 + -12 - -15).
-5
Evaluate 4 - 2 - (-8 + 1 + 4).
5
Calculate 0 + 4 + (-6 - -16 - 30).
-16
(16 - -1) + (15 - (-5 + 27))
10
What is 39 + -19 + (-34 - -40)?
26
Calculate (54 - 48) + -4 + 13.
15
What is 38 - (-16 + 0 + 33)?
21
-1 - 14 - (659 - 662)
-12
Evaluate -11 + -2 - (68 + -47 + -20).
-14
3 + -6 + (-8 - -9) + 3 + -2
-1
Evaluate (-58 - -53) + 2 + 12 - (7 - 1).
3
Evaluate -11 + -2 - (99 - 104).
-8
(-15 - 13) + 19 - (4 + -6 - 7)
0
What is 11 - -7 - (3 - -2) - (2 + 4)?
7
(13 - 26) + 22 - (-8 - -2)
15
Evaluate (-20 + 7 - -29) + -12 - (3 - -16).
-15
Calculate (1 - (-12 - -5)) + -9 - 4.
-5
Calculate 12 + (22 - 55) + 15.
-6
-4 - (5 + 0) - -19 - (2 + 0)
8
19 + (0 - 5 - ((-9 - -8) + 2))
13
5 + -46 + 2 + 10 + 10
-19
Evaluate -12 + (20 + -9 - 1) + 8.
6
What is the value of (-13 - (14 + -27)) + (-3 + -6 - 0)?
-9
What is the value of -1 - (4 + -16 - (7 + (-4 - 4)))?
10
What is the value of 13 + -19 + 11 + 3?
8
(6 - (25 + -6 + -8 + 8)) + 9
-4
Evaluate 0 + 0 + 1 - (-157 + 158) - -19.
19
-17 - (12 + -15) - (-7 - -1)
-8
What is the value of -2 - (-6 + (11 + -8 + -2 - -3))?
0
Evaluate 0 + 6 + 0 + 4 + -6 + 0.
4
Evaluate -5 - (2 - 0) - (-54 + 45).
2
Evaluate 7 - (6 - -9) - -17.
9
What is the value of (-7 - (4 + -15) - 15) + 9?
-2
Calculate (0 - -1) + (-14 - (-5 + -3 - -17)).
-22
8 + -19 + 21 + -3
7
What is the value of 0 + 18 - (-201 + 208)?
11
0 - (1 + 1 + -2) - (3330 - 3303)
-27
Calculate -11 - (-10 + (-9 - -34)).
-26
(21 - 24 - (3 + -10)) + 0 - -6
10
Evaluate (-20 - -13) + -2 + 9.
0
Evaluate -1 + 7 - (-61 + 86).
-19
Evaluate -28 - (-19 - (15 + -13)).
-7
Evaluate 19 - ((-10 - -32) + -20).
17
What is 2 - (-1 + (5 - (3 + 3)))?
4
Calculate (18 - 12) + -12 - (-18 + -1).
13
Calculate -11 - (7 + (-4 - 3) - 6).
-5
What is the value of -16 + 18 + 53 + -28 + 1 + 8?
36
Calculate -6 + (5 - (-4 - (14 + -2))).
15
Calculate -39 + 19 + 17 + (0 + 0 - -26).
23
What is (28 + -24 - 9) + -4?
-9
Calculate 11 + -21 + 3 + (4 - (4 + -1)).
-6
What is -12 + (40 - 68 - -44)?
4
What is -20 - (-15 - 8 - -2)?
1
What is (6 - (4 + 9)) + -10 + 2?
-15
What is the value of (-3 - 3 - (4 + 2)) + 5 + 3?
-4
Evaluate 5 + -1 - (-17 + -24 + 53).
-8
What is the value of (0 + 1 - (1 + 1)) + 127 + -122?
4
What is (-2 - -6 - 5) + -5 + 1 + 4?
-1
Evaluate 4 + (9 - 2) + -23 + 30.
18
(-27 - -1) + 19 + 3 + -6
-10
Calculate (16 - (9 - 5) - 0) + -38.
-26
-28 + 12 + 19 + 1 + -12 + -1
-9
Calculate -1 + 4 + (31 - 36 - -4).
2
Evaluate (-4 - (-9 + 15)) + 17.
7
Evaluate -1 + -13 - (-31 + (-2 - -19)).
0
What is the value of 1 + -20 + 20 + (16 - 25)?
-8
Evaluate 3 - (-1 - -9 - (-25 + 24) - 6).
0
What is the value of -12 - (-25 + -1 + 14) - (0 - 13)?
13
Evaluate 2 + (-18 - (-1 + 7 - 3 - 7)).
-12
-18 - -1 - (-125 + 116)
-8
What is -12 + (10 - (6 + (-5 - -2)))?
-5
What is (-20 - (-15 - -12)) + 2?
-15
What is 2 + -39 + 5 + -7 + (9 - 3)?
-33
What is -8 + 23 - (-8 + 35)?
-12
Calculate 3 - (-11 - -4) - (469 + -477).
18
(96 - 95) + 1 + -24 - (-31 - -32)
-23
Evaluate (-9 - 1) + 56 + -38 + 8.
16
Evaluate -17 - ((31 - 35) + -41).
28
What is the value of 12 - 12 - (4 - -4) - 0 - -8?
0
Calculate (22 - 13) + -4 + (-2 - (5 + -9)).
7
Evaluate -8 + 0 - (-9 - -3 - 10).
8
-4 + (0 - (-8 - (4 + -16)))
-8
Calculate 8 + 14 + -11 + -14 - (2 + 14).
-19
Calculate (4 - 17) + 45 + -17.
15
What is 0 - -1 - (-50 - (-31 + -4))?
16
Evaluate 1 + (-57 - -64 - (0 - -13)).
-5
-24 - ((0 - -11 - -1) + -9)
-27
What is 4 + 2 + 2 + -17?
-9
5 - (10 + (3 - 2)) - 4
-10
Calculate 16 + (9 - (-3 - (-2 + -50))).
-24
What is the value of -3 + -6 + (10 - 12 - -5 - -6)?
0
What is 49 - 37 - 18 - -1?
-5
-24 + (-4 - -23) - (-2 - 0)
-3
What is the value of 1 + -10 + (-26 - -37)?
2
What is the value of (23 - (-3 - -18)) + (-1 - -13)?
20
Calculate 8 + -13 - 4 - (4 + 6).
-19
5 - (6 + 2 + -7 + 4 + -3)
3
(10 + -4 - 4) + (27 - -4) + -27
6
What is 39 - 6 - 37 - (10 - 0)?
-14
Evaluate (20 - -2 - 9 - (2 - -1)) + -3.
7
What is (4 - (-13 - (2 - 13))) + -3 - 7?
-4
Evaluate 163 + -146 + 1 + -10.
8
What is 2 - -8 - (29 + (10 + -4 - 15))?
-10
Calculate 5 - (13 - (1 - -3) - 11) - 16.
-9
Evaluate -1 + 1 + -1 + -4 + -72 + 67.
-10
-3 + (-29 - -24) - (-17 + -1)
10
-2 + (14 - (5 + -11 - -14) - -17)
21
Evaluate -1 - -3 - ((0 - -33) + -21).
-10
Calculate -2 - -17 - (-11 + 3 + 6).
17
What is 19 + 0 + -28 + -3?
-12
Calculate -2 + (12 - (-4 + 12)) - 20.
-18
Evaluate 9 + -10 + -2 + 10 + -1 + 6.
12
Evaluate 9 - (0 + 0 + 2 + (-1 - 5)).
13
Evaluate (-1 - 26) + (14 - -3 - (18 + -11)).
-17
What is the value of 815 + -867 - (0 - 22)?
-30
Evaluate 6 - (-8 + (10 - 1) + -18).
23
What is (-2 + -11 + 10 - -2) + (5 - -1)?
5
-3 + 5 + (265 - 264)
3
2 + 3 + -1 + 2 - (-85 - -97)
-6
Evaluate 3 - -5 - (7 + -3 + -4) - 11.
-3
Calculate 19 + -10 + -9 + -2.
-2
What is the value of 8 + -1 - (-27 + 55 + -28)?
7
-14 + (-9 - (-5 - -9) - -11)
-16
Calculate 10 + 5 - 13 - (2 - -4 - 3).
-1
Calculate 2 + 11 + (-758 - -722).
-23
What is the value of -7 + (18 - -2) - 0?
13
47 + -54 - (2 + -12)
3
16 - (5 + (2 - -7) + -10)
12
What is 14 + (-15 - -18 - -6)?
23
Calculate (2 - -3) + -4 + -3 - -12.
10
What is (-11 - 10 - -18) + (2 - 4) - -16?
11
What is -36 + (20 - -13) + (0 - 0) + 0?
-3
What is -7 + -9 + 12 + 10 + -18?
-12
Calculate -1 + 4 + 30 + (-16 - (-44 + 37)).
24
(-11 - -8) + -4 - (8 - (3 - -15))
3
What is (19 + -4 - (21 + -18 + -14)) + 10?
36
-1 + 12 + 3 - 7
7
Calculate -27 + 32 + 1 - (0 + 7).
-1
(-5 - 3) + -9 + 12 - -24
19
-1 + -1 - (0 - (-3 - -4 - -1))
0
-9 + (-4 + 12 - (-12 - -18))
-7
Calculate -16 + (-14 - (-6 + -23 + -9)).
8
What is the value of -12 - (-1 + (4 - 12))?
-3
What is the value of (9 - (4 - (-13 - -22))) + -46?
-32
What is the value of -24 + 41 - -7 - 41?
-17
(27 - 13) + -26 + 4
-8
-11 + 0 + (-1 - 21) + 27
-6
Calculate (-4 - (-21 + 2)) + (8 - 0).
23
What is the value of -5 + (-5 - (4 + -1)) + -9 - -3?
-19
What is the value of (16 - (6 + 6)) + -14?
-10
What is 12 + 25 + -19 + -20?
-2
What is 2 + 4 - 9 - -6?
3
1 + 23 - 24 - (1 - (-3 + -3))
-7
1038 - 1058 - (-7 + 